**2 + f + 18. Let p = 658 + -667. What is a(p)?
9
Let u be (14/42)/((-2)/(-18)). Let o(l) = -2*l + 8. What is o(u)?
2
Let w(q) = -q + 6. Suppose y - o = 3*o - 1, -31 = -2*y - 3*o. What is w(y)?
-5
Let l(g) = -13*g**2 + 3*g - 3. Suppose 0 = v + 4*q + 18, 3*q + 10 = q. Calculate l(v).
-49
Let n = -1833 + 1829. Let s(c) = c**2 + 6*c + 1. Calculate s(n).
-7
Let t(p) = 2*p**2 + 31*p - 9. Let d(y) = 2*y**2 - 2 + 6 - 5*y**2 - 15*y + 2*y**2. Let u(z) = 13*d(z) + 6*t(z). Calculate u(-7).
12
Let o = -433 + 426. Let m(v) = v**3 + 6*v**2 - 7*v + 3. Give m(o).
3
Let i(m) = m**3 - 8*m**2 - 6. Let s be ((-3)/(-5))/(8/240). Suppose 2*q - 3*a + 4*a = 14, -5*a = -q + s. What is i(q)?
-6
Let h be (-4)/(-34) - 256/(-136). Let q(r) = -r + 2. Give q(h).
0
Suppose 0 = 44*f - 31*f - 195. Let n(d) = -d**2 + 14*d + 19. Calculate n(f).
4
Let s(d) be the second derivative of -7*d**3/6 - 5*d**2/2 - 62*d. What is s(5)?
-40
Let d(y) = -y**3 - 1 + 7*y**2 - 1 - 4*y**2. Let g be d(2). Let b(m) = -4*m**g - 1 + m**3 + 0*m**3 + 4*m - 2 + m**2. What is b(2)?
1
Let p(g) = g**2 - 16*g - 24. Let b(w) = w**2 - 17*w - 25. Let l(m) = -3*b(m) + 2*p(m). Give l(21).
-15
Let a(c) = -c**2 + 7*c - 2. Let f be (-10)/15 + 46/6. Calculate a(f).
-2
Let z(n) = -2*n**2 - 3*n + 7. Suppose 4*g - 18 = -2*o, 5*g + 15 = 2*o + 3*o. Determine z(g).
-7
Let v(h) = h**3 + 4*h**2 + 6*h + 4. Let t(r) = -r**3 - 3*r**2 - 5*r - 5. Let g(d) = -5*t(d) - 4*v(d). Determine g(0).
9
Let t be -1 + -1 - (2 - 2). Let c be (-2)/(-3) - (t - 84/(-18)). Let v(f) = -f**2 - 4*f + 1. Determine v(c).
5
Let c(g) = -3 + g**3 + 3*g - g + 3*g - g. What is c(2)?
13
Let u = 36 + -33. Let q be -3*(-1)/u - 9 - -3. Let g(n) = n**2 + 7*n + 7. Calculate g(q).
-3
Let f(z) = -z + 4. Let g(v) = 11*v**2 + 30*v + 31. Let c be g(-1). Determine f(c).
-8
Let l(v) be the first derivative of -1/2*v**2 - 5*v + 9. What is l(-7)?
2
Let k(l) = l**2 - 6*l - 23. Let r be k(9). Suppose 3*j + 4*b + 23 = 0, -4*j + r = -4*b + 16. Let u(w) = -w**3 - 7*w**2 - 7*w + 2. Determine u(j).
-13
Let t(h) be the first derivative of h**4/4 - 4*h**3/3 + h**2/2 - h + 5. Suppose x - 2 = 1. Give t(x).
-7
Suppose 0 = 5*w + 3*f + 6, 6*w = 2*w - 2*f - 4. Suppose -j - 11 + 6 = w. Let m(i) = 1 + 3*i**3 + i - 4 + 5*i**2 - 2*i**3. What is m(j)?
-8
Let k be ((-5)/2)/(9/(-18)). Let d = 5 + k. Suppose d*h = 14*h - 12. Let p(l) = -l + 3. Calculate p(h).
0
Let r(t) = -2*t**2 - t - 3. Let f(c) = -8*c**2 - 19*c - 25. Let b(n) = -4*n**2 - 9*n - 12. Let x(y) = -13*b(y) + 6*f(y). Let j(s) = 7*r(s) + 3*x(s). Give j(3).
-15
Let n(v) be the first derivative of v**4/4 - 5*v**3/3 + v**2 + 8*v - 124. Give n(4).
0
Let y = -8 + 24. Let m = y + -14. Let s(p) = 0*p - m + 2 - 4*p - 2 + p**3 + 4*p**2. Calculate s(-5).
-7
Let g be ((-63)/42)/((-3)/4). Suppose g*v - 10 = -0*v. Let u(c) = -2*c + 6. Give u(v).
-4
Let t be 45/25*(10/3 + 0). Let r(x) = -x**2 + 5*x + 10. What is r(t)?
4
Suppose 0 = -2*n - 4*l - 32, -3*n - 5*l - 15 - 33 = 0. Let m(y) = y**2 + 14*y - 21. Determine m(n).
11
Let x(d) = 16*d**2 + 224*d + 5. Let z be x(-14). Let q(s) be the first derivative of -3*s**2/2 + 7*s - 2. Calculate q(z).
-8
Suppose 9*k + 120 = -k. Let a(m) = m**3 + 11*m**2 - 9*m + 16. What is a(k)?
-20
Let l(f) = f - 15. Let t = -397 + 405. Determine l(t).
-7
Let f(z) be the third derivative of -z**5/60 + z**4/4 + z**3/2 + z**2. Suppose 65*x - 14*x = -79*x + 650. Give f(x).
8
Suppose 3*b + 51 = 6*b. Let k(t) = -43 + 22 + b - 7*t. Calculate k(-3).
17
Let t(v) be the second derivative of -v**3/6 + 11*v**2/2 - 11*v + 2. Suppose 6 = 4*o + 5*m - 39, 3*o = 4*m - 5. Let n be -2*o*3/(-6). What is t(n)?
6
Suppose -2*i = 2*l - 36, -4*l + 22 = i + l. Let o(b) = -b**2 + 17*b + 4. Determine o(i).
4
Let s(x) = -3*x - 16. Let p be s(-6). Let a(v) = -4*v - 2. Let r(f) = -15*f - 7. Let z(u) = 22*a(u) - 6*r(u). Give z(p).
2
Let u(g) = 3*g - 4. Suppose -4*m + 11 = -1. Suppose 0*n + 2*n + 5*l - 31 = 0, -4*l = -5*n - 5. Suppose 3*i = -m*w + 9 - n, -2*i + 4*w = -10. Give u(i).
5
Let k = -525 - -517. Let q(x) = -x**2 - 8*x + 7. What is q(k)?
7
Let f(s) = s - 3. Let q be ((-33)/(-55))/((-21)/(-70)). Let l be (0 + 0)/(1 - 3). Let h be l*(-5)/(-7 + q). Calculate f(h).
-3
Suppose 6*j - 10*j - 8 = 0. Let l(k) = -k**3 - k**2 + 2*k + 1. Give l(j).
1
Let d = 7 - -1. Let p = -13 + d. Let i = 1 - p. Let o(q) = -q**3 + 5*q**2 + 7*q + 5. Calculate o(i).
11
Let t(j) = -44*j - 34. Let x(k) = -27*k - 20. Let s(h) = 8*t(h) - 13*x(h). Let c be 2 - (2 + (1 - -5)). What is s(c)?
-6
Let k(o) = -4 + 3*o**3 + 13*o + 0*o**3 - 4*o - 2*o**3 - 3*o**2. Let m(g) = g**3 - 2*g**2 + 8*g - 3. Let u(w) = 6*k(w) - 7*m(w). Let i = -9 - -5. What is u(i)?
5
Let c(l) be the third derivative of l**4/24 + 7*l**3/6 - 26*l**2. Calculate c(-8).
-1
Let b(h) = 2*h**3 + 4*h**2 - 9*h - 1. Let z(r) be the third derivative of -r**6/120 - r**5/30 + r**4/6 - 11*r**2. Let g(n) = 2*b(n) + 5*z(n). What is g(-3)?
1
Let i(p) = -2*p + 5. Suppose 35*l - 29*l - 12 = 0. Let y be i(l). Let a(c) = -6*c. Give a(y).
-6
Let x(z) = z**2 + 4*z - 1. Let p(w) = 3*w - 27. Let u be p(16). Suppose 3*r = -5*i - 33, 2*i + i + 3*r = -u. What is x(i)?
11
Let s(z) = z**2 + 15*z + 14. Let i be 58/(-6) + (-21)/63. Give s(i).
-36
Let p(n) = n**2 + 12*n + 8. Suppose 13*s = 18*s + 55. Give p(s).
-3
Let i(g) = -33*g**2 - g - 1. Let r be i(-1). Let a = -32 - r. Let b(s) = 15*s**2 - 2*s + 1. Determine b(a).
14
Let k = 326 + -2605/8. Let o(g) be the third derivative of -k*g**4 - 1/120*g**6 + 0 + 0*g - 3*g**2 + 7/60*g**5 + 3/2*g**3. Determine o(6).
-9
Let v(c) be the second derivative of -c**5/60 - c**4/24 + c**3/6 - 3*c**2/2 - 19*c. Let f(t) be the first derivative of v(t). What is f(-3)?
-5
Let t(m) = -25*m + 17. Let y(o) = 14*o - 9. Let r(p) = -3*t(p) - 5*y(p). What is r(12)?
54
Let u(p) = -p**3 - 9*p**2 + 3*p - 5. Let b(i) = 3*i**3 + 26*i**2 - 10*i + 15. Let o(g) = 6*b(g) + 17*u(g). Let r be o(-5). Let f(x) = -x - 2. Determine f(r).
-2
Suppose -2*h = 4*c + 18, 0 = -3*h + c + 8 - 28. Let v = h - -14. Let a be (-2 + v + -4)*-1. Let k(n) = -n**2 - 1. Calculate k(a).
-2
Let o(m) = -21 + 17 + 7 - m**2 + 6. Calculate o(0).
9
Let v(q) = -q + 4. Let z be v(-3). Suppose -3 = -2*s + 13. Let g(p) = -7*p + 3*p**2 - p - 10*p**2 + 1 + s*p**2. Give g(z).
-6
Let w(k) = -14 - 2*k**2 - 11 + 35 - 9 - 6*k**3. Give w(1).
-7
Let g(n) = n**2 + 5*n + 7. Let c(r) = r**2 + 3*r - 23. Let j be c(-6). What is g(j)?
7
Let s(x) = 3*x - 10. Let l be s(16). Let w = 33 - l. Let r(o) be the first derivative of -o**4/4 - 2*o**3 - o**2 + 3*o - 1. What is r(w)?
-12
Suppose -7*r = -27 - 8. Let g(l) = l**2 - 6*l + 1. Calculate g(r).
-4
Suppose -5*z - 7 + 22 = 0. Suppose -w = 3*m + 5, -2*w - m - 2 = -z*m. Let y(h) = 2*h**2 + 3*h. Determine y(w).
2
Let o(y) = 3 + 5 + 10 - 3 - 18 - y. Let p = -6 - 1. What is o(p)?
4
Suppose -h = g, 3 + 0 = g + 2*h. Let i(m) = -5*m - 5 + 10*m - 5*m - m. Give i(g).
-2
Let y(k) = -9*k - 1. Suppose -51 = 10*d - 41. Calculate y(d).
8
Suppose -5*n - 8 = 3*w - w, -n + 8 = -2*w. Let x(q) = 6 + q**2 - q - q - 5*q + n*q**2. Give x(6).
0
Let z(v) = v**2 - 4*v + 9. Let u be z(4). Let m(y) = -3*y + 2*y + 2*y**2 - 3*y**2 - 10*y - u. Determine m(-6).
21
Let c(q) be the third derivative of -2*q**2 - 7/6*q**3 + 0*q + 1/120*q**6 + 5/24*q**4 + 1/10*q**5 + 0. Give c(-5).
-7
Suppose 6*h = 9 + 3. Suppose -c + 4*d + 23 = 0, 11 + 15 = h*c - 4*d. Let x(b) = -b**3 + 2*b**2 + 4*b - 3. What is x(c)?
0
Let h(y) = 0 - 1 + 0 - 2*y. Let z(m) = m**3 + 10*m**2 - 2*m - 4. Let x be z(-10). Let v(u) = 4*u - 62. Let k be v(x). Give h(k).
-5
Let f be 6/(-2)*30/(-9). Suppose 2 = -2*g + f. Suppose -4*h + 2*h - 8 = -4*m, 4*h = -g*m - 28. Let x(j) = -j**2 - 5*j + 4. Calculate x(h).
-2
Let z(j) = j**3 - 7*j**2 + 3*j + 6. Let r(y) = -3*y + 6*y + 122 - 116 + y**2. Let o be r(-3). What is z(o)?
-12
Suppose m = -2*m + 129. Let h = 45 - m. Let q(l) = -1 + 4*l**2 - l**3 + l - 2*l**2 - 3*l. Determine q(h).
-5
Let m be (-60)/(-50)*5/3. Suppose 10 = -5*z + 5*s, -2*z + m*s + 2*s = 8. Let a(k) be the second derivative of k**5/20 - k**3/6 + k**2 + k. Calculate a(z).
2
Suppose 0 = -68*f + 48 + 496. Let o(u) = 6*u - 42. Give o(f).
6
Let t(g) be the third derivative of g**5/30 + 7*g**4/12 + g**3/2 + 10*g**2. Let l be t(-7). Let m(f) = -4*f - 4. What is m(l)?
-16
Let y(z) = z**2 + 6*z + 4. L